{"id":1980,"date":"2021-03-13T12:48:37","date_gmt":"2021-03-13T12:48:37","guid":{"rendered":"https:\/\/inprotech.es\/?post_type=equipo&#038;p=1980"},"modified":"2025-06-12T07:32:28","modified_gmt":"2025-06-12T07:32:28","slug":"pedro-estevez-fernandez","status":"publish","type":"equipo","link":"https:\/\/inprotech.es\/en\/equipo\/pedro-estevez-fernandez\/","title":{"rendered":"Pedro Est\u00e9vez Fern\u00e1ndez"},"content":{"rendered":"<p>Pedro Est\u00e9vez Fern\u00e1ndez holds a degree in Business Administration and Management, as well as a Master&#8217;s in International Business from the University of Vigo and IESIDE. He currently holds a dual role as International Sales Director at Inprosec and Business Development Director at its spin-off, InprOTech. Over his 10-year career, he has worked in roles related to internationalization, business expansion, and business unit management in industrial sectors. Since 2023, he has shifted his focus to the cybersecurity sector.<\/p>\n","protected":false},"featured_media":1978,"template":"","meta":{"_acf_changed":false},"class_list":["post-1980","equipo","type-equipo","status-publish","has-post-thumbnail","hentry"],"acf":[],"yoast_head":"<!-- This site is optimized with the Yoast SEO plugin v27.4 - https:\/\/yoast.com\/product\/yoast-seo-wordpress\/ -->\n<title>Pedro Est\u00e9vez Fern\u00e1ndez - InprOTech<\/title>\n<meta name=\"robots\" content=\"index, follow, max-snippet:-1, max-image-preview:large, max-video-preview:-1\" \/>\n<link rel=\"canonical\" href=\"https:\/\/inprotech.es\/en\/equipo\/pedro-estevez-fernandez\/\" \/>\n<meta property=\"og:locale\" content=\"en_US\" \/>\n<meta property=\"og:type\" content=\"article\" \/>\n<meta property=\"og:title\" content=\"Pedro Est\u00e9vez Fern\u00e1ndez - InprOTech\" \/>\n<meta property=\"og:description\" content=\"Pedro Est\u00e9vez Fern\u00e1ndez holds a degree in Business Administration and Management, as well as a Master&#8217;s in International Business from the University of Vigo and IESIDE. He currently holds a dual role as International Sales Director at Inprosec and Business Development Director at its spin-off, InprOTech. Over his 10-year career, he has worked in roles...\" \/>\n<meta property=\"og:url\" content=\"https:\/\/inprotech.es\/en\/equipo\/pedro-estevez-fernandez\/\" \/>\n<meta property=\"og:site_name\" content=\"InprOTech\" \/>\n<meta property=\"article:modified_time\" content=\"2025-06-12T07:32:28+00:00\" \/>\n<meta property=\"og:image\" content=\"https:\/\/inprotech.es\/wp-content\/uploads\/2025\/01\/pedro-estevez-INprotech.jpg\" \/>\n\t<meta property=\"og:image:width\" content=\"500\" \/>\n\t<meta property=\"og:image:height\" content=\"726\" \/>\n\t<meta property=\"og:image:type\" content=\"image\/jpeg\" \/>\n<meta name=\"twitter:card\" content=\"summary_large_image\" \/>\n<meta name=\"twitter:label1\" content=\"Est. reading time\" \/>\n\t<meta name=\"twitter:data1\" content=\"1 minute\" \/>\n<script type=\"application\/ld+json\" class=\"yoast-schema-graph\">{\"@context\":\"https:\\\/\\\/schema.org\",\"@graph\":[{\"@type\":\"WebPage\",\"@id\":\"https:\\\/\\\/inprotech.es\\\/en\\\/equipo\\\/pedro-estevez-fernandez\\\/\",\"url\":\"https:\\\/\\\/inprotech.es\\\/en\\\/equipo\\\/pedro-estevez-fernandez\\\/\",\"name\":\"Pedro Est\u00e9vez Fern\u00e1ndez - InprOTech\",\"isPartOf\":{\"@id\":\"https:\\\/\\\/inprotech.es\\\/#website\"},\"primaryImageOfPage\":{\"@id\":\"https:\\\/\\\/inprotech.es\\\/en\\\/equipo\\\/pedro-estevez-fernandez\\\/#primaryimage\"},\"image\":{\"@id\":\"https:\\\/\\\/inprotech.es\\\/en\\\/equipo\\\/pedro-estevez-fernandez\\\/#primaryimage\"},\"thumbnailUrl\":\"https:\\\/\\\/inprotech.es\\\/wp-content\\\/uploads\\\/2025\\\/01\\\/pedro-estevez-INprotech.jpg\",\"datePublished\":\"2021-03-13T12:48:37+00:00\",\"dateModified\":\"2025-06-12T07:32:28+00:00\",\"breadcrumb\":{\"@id\":\"https:\\\/\\\/inprotech.es\\\/en\\\/equipo\\\/pedro-estevez-fernandez\\\/#breadcrumb\"},\"inLanguage\":\"en-US\",\"potentialAction\":[{\"@type\":\"ReadAction\",\"target\":[\"https:\\\/\\\/inprotech.es\\\/en\\\/equipo\\\/pedro-estevez-fernandez\\\/\"]}]},{\"@type\":\"ImageObject\",\"inLanguage\":\"en-US\",\"@id\":\"https:\\\/\\\/inprotech.es\\\/en\\\/equipo\\\/pedro-estevez-fernandez\\\/#primaryimage\",\"url\":\"https:\\\/\\\/inprotech.es\\\/wp-content\\\/uploads\\\/2025\\\/01\\\/pedro-estevez-INprotech.jpg\",\"contentUrl\":\"https:\\\/\\\/inprotech.es\\\/wp-content\\\/uploads\\\/2025\\\/01\\\/pedro-estevez-INprotech.jpg\",\"width\":500,\"height\":726},{\"@type\":\"BreadcrumbList\",\"@id\":\"https:\\\/\\\/inprotech.es\\\/en\\\/equipo\\\/pedro-estevez-fernandez\\\/#breadcrumb\",\"itemListElement\":[{\"@type\":\"ListItem\",\"position\":1,\"name\":\"Portada\",\"item\":\"https:\\\/\\\/inprotech.es\\\/en\\\/\"},{\"@type\":\"ListItem\",\"position\":2,\"name\":\"Equipo\",\"item\":\"https:\\\/\\\/inprotech.es\\\/equipo\\\/\"},{\"@type\":\"ListItem\",\"position\":3,\"name\":\"Pedro Est\u00e9vez Fern\u00e1ndez\"}]},{\"@type\":\"WebSite\",\"@id\":\"https:\\\/\\\/inprotech.es\\\/#website\",\"url\":\"https:\\\/\\\/inprotech.es\\\/\",\"name\":\"InprOTech\",\"description\":\"The Cybersecurity Solution for the Industrial Environment\",\"potentialAction\":[{\"@type\":\"SearchAction\",\"target\":{\"@type\":\"EntryPoint\",\"urlTemplate\":\"https:\\\/\\\/inprotech.es\\\/?s={search_term_string}\"},\"query-input\":{\"@type\":\"PropertyValueSpecification\",\"valueRequired\":true,\"valueName\":\"search_term_string\"}}],\"inLanguage\":\"en-US\"}]}<\/script>\n<!-- \/ Yoast SEO plugin. -->","yoast_head_json":{"title":"Pedro Est\u00e9vez Fern\u00e1ndez - InprOTech","robots":{"index":"index","follow":"follow","max-snippet":"max-snippet:-1","max-image-preview":"max-image-preview:large","max-video-preview":"max-video-preview:-1"},"canonical":"https:\/\/inprotech.es\/en\/equipo\/pedro-estevez-fernandez\/","og_locale":"en_US","og_type":"article","og_title":"Pedro Est\u00e9vez Fern\u00e1ndez - InprOTech","og_description":"Pedro Est\u00e9vez Fern\u00e1ndez holds a degree in Business Administration and Management, as well as a Master&#8217;s in International Business from the University of Vigo and IESIDE. He currently holds a dual role as International Sales Director at Inprosec and Business Development Director at its spin-off, InprOTech. Over his 10-year career, he has worked in roles...","og_url":"https:\/\/inprotech.es\/en\/equipo\/pedro-estevez-fernandez\/","og_site_name":"InprOTech","article_modified_time":"2025-06-12T07:32:28+00:00","og_image":[{"width":500,"height":726,"url":"https:\/\/inprotech.es\/wp-content\/uploads\/2025\/01\/pedro-estevez-INprotech.jpg","type":"image\/jpeg"}],"twitter_card":"summary_large_image","twitter_misc":{"Est. reading time":"1 minute"},"schema":{"@context":"https:\/\/schema.org","@graph":[{"@type":"WebPage","@id":"https:\/\/inprotech.es\/en\/equipo\/pedro-estevez-fernandez\/","url":"https:\/\/inprotech.es\/en\/equipo\/pedro-estevez-fernandez\/","name":"Pedro Est\u00e9vez Fern\u00e1ndez - InprOTech","isPartOf":{"@id":"https:\/\/inprotech.es\/#website"},"primaryImageOfPage":{"@id":"https:\/\/inprotech.es\/en\/equipo\/pedro-estevez-fernandez\/#primaryimage"},"image":{"@id":"https:\/\/inprotech.es\/en\/equipo\/pedro-estevez-fernandez\/#primaryimage"},"thumbnailUrl":"https:\/\/inprotech.es\/wp-content\/uploads\/2025\/01\/pedro-estevez-INprotech.jpg","datePublished":"2021-03-13T12:48:37+00:00","dateModified":"2025-06-12T07:32:28+00:00","breadcrumb":{"@id":"https:\/\/inprotech.es\/en\/equipo\/pedro-estevez-fernandez\/#breadcrumb"},"inLanguage":"en-US","potentialAction":[{"@type":"ReadAction","target":["https:\/\/inprotech.es\/en\/equipo\/pedro-estevez-fernandez\/"]}]},{"@type":"ImageObject","inLanguage":"en-US","@id":"https:\/\/inprotech.es\/en\/equipo\/pedro-estevez-fernandez\/#primaryimage","url":"https:\/\/inprotech.es\/wp-content\/uploads\/2025\/01\/pedro-estevez-INprotech.jpg","contentUrl":"https:\/\/inprotech.es\/wp-content\/uploads\/2025\/01\/pedro-estevez-INprotech.jpg","width":500,"height":726},{"@type":"BreadcrumbList","@id":"https:\/\/inprotech.es\/en\/equipo\/pedro-estevez-fernandez\/#breadcrumb","itemListElement":[{"@type":"ListItem","position":1,"name":"Portada","item":"https:\/\/inprotech.es\/en\/"},{"@type":"ListItem","position":2,"name":"Equipo","item":"https:\/\/inprotech.es\/equipo\/"},{"@type":"ListItem","position":3,"name":"Pedro Est\u00e9vez Fern\u00e1ndez"}]},{"@type":"WebSite","@id":"https:\/\/inprotech.es\/#website","url":"https:\/\/inprotech.es\/","name":"InprOTech","description":"The Cybersecurity Solution for the Industrial Environment","potentialAction":[{"@type":"SearchAction","target":{"@type":"EntryPoint","urlTemplate":"https:\/\/inprotech.es\/?s={search_term_string}"},"query-input":{"@type":"PropertyValueSpecification","valueRequired":true,"valueName":"search_term_string"}}],"inLanguage":"en-US"}]}},"_links":{"self":[{"href":"https:\/\/inprotech.es\/en\/wp-json\/wp\/v2\/equipo\/1980","targetHints":{"allow":["GET"]}}],"collection":[{"href":"https:\/\/inprotech.es\/en\/wp-json\/wp\/v2\/equipo"}],"about":[{"href":"https:\/\/inprotech.es\/en\/wp-json\/wp\/v2\/types\/equipo"}],"wp:featuredmedia":[{"embeddable":true,"href":"https:\/\/inprotech.es\/en\/wp-json\/wp\/v2\/media\/1978"}],"wp:attachment":[{"href":"https:\/\/inprotech.es\/en\/wp-json\/wp\/v2\/media?parent=1980"}],"curies":[{"name":"wp","href":"https:\/\/api.w.org\/{rel}","templated":true}]}}

Pedro Estévez Fernández

<p>Pedro Estévez Fernández holds a degree in Business Administration and Management, as well as a Master&#8217;s in International Business from the University of Vigo and IESIDE. He currently holds a dual role as International Sales Director at Inprosec and Business Development Director at its spin-off, InprOTech. Over his 10-year career, he has worked in roles related to internationalization, business expansion, and business unit management in industrial sectors. Since 2023, he has shifted his focus to the cybersecurity sector.</p>

<!-- This site is optimized with the Yoast SEO plugin v27.4 - https://yoast.com/product/yoast-seo-wordpress/ -->
<title>Pedro Estévez Fernández - InprOTech</title>
<meta name="robots" content="index, follow, max-snippet:-1, max-image-preview:large, max-video-preview:-1" />
<link rel="canonical" href="https://inprotech.es/en/equipo/pedro-estevez-fernandez/" />
<meta property="og:locale" content="en_US" />
<meta property="og:type" content="article" />
<meta property="og:title" content="Pedro Estévez Fernández - InprOTech" />
<meta property="og:description" content="Pedro Estévez Fernández holds a degree in Business Administration and Management, as well as a Master&#8217;s in International Business from the University of Vigo and IESIDE. He currently holds a dual role as International Sales Director at Inprosec and Business Development Director at its spin-off, InprOTech. Over his 10-year career, he has worked in roles..." />
<meta property="og:url" content="https://inprotech.es/en/equipo/pedro-estevez-fernandez/" />
<meta property="og:site_name" content="InprOTech" />
<meta property="article:modified_time" content="2025-06-12T07:32:28+00:00" />
<meta property="og:image" content="https://inprotech.es/wp-content/uploads/2025/01/pedro-estevez-INprotech.jpg" />
	<meta property="og:image:width" content="500" />
	<meta property="og:image:height" content="726" />
	<meta property="og:image:type" content="image/jpeg" />
<meta name="twitter:card" content="summary_large_image" />
<meta name="twitter:label1" content="Est. reading time" />
	<meta name="twitter:data1" content="1 minute" />
<script type="application/ld+json" class="yoast-schema-graph">{"@context":"https:\/\/schema.org","@graph":[{"@type":"WebPage","@id":"https:\/\/inprotech.es\/en\/equipo\/pedro-estevez-fernandez\/","url":"https:\/\/inprotech.es\/en\/equipo\/pedro-estevez-fernandez\/","name":"Pedro Estévez Fernández - InprOTech","isPartOf":{"@id":"https:\/\/inprotech.es\/#website"},"primaryImageOfPage":{"@id":"https:\/\/inprotech.es\/en\/equipo\/pedro-estevez-fernandez\/#primaryimage"},"image":{"@id":"https:\/\/inprotech.es\/en\/equipo\/pedro-estevez-fernandez\/#primaryimage"},"thumbnailUrl":"https:\/\/inprotech.es\/wp-content\/uploads\/2025\/01\/pedro-estevez-INprotech.jpg","datePublished":"2021-03-13T12:48:37+00:00","dateModified":"2025-06-12T07:32:28+00:00","breadcrumb":{"@id":"https:\/\/inprotech.es\/en\/equipo\/pedro-estevez-fernandez\/#breadcrumb"},"inLanguage":"en-US","potentialAction":[{"@type":"ReadAction","target":["https:\/\/inprotech.es\/en\/equipo\/pedro-estevez-fernandez\/"]}]},{"@type":"ImageObject","inLanguage":"en-US","@id":"https:\/\/inprotech.es\/en\/equipo\/pedro-estevez-fernandez\/#primaryimage","url":"https:\/\/inprotech.es\/wp-content\/uploads\/2025\/01\/pedro-estevez-INprotech.jpg","contentUrl":"https:\/\/inprotech.es\/wp-content\/uploads\/2025\/01\/pedro-estevez-INprotech.jpg","width":500,"height":726},{"@type":"BreadcrumbList","@id":"https:\/\/inprotech.es\/en\/equipo\/pedro-estevez-fernandez\/#breadcrumb","itemListElement":[{"@type":"ListItem","position":1,"name":"Portada","item":"https:\/\/inprotech.es\/en\/"},{"@type":"ListItem","position":2,"name":"Equipo","item":"https:\/\/inprotech.es\/equipo\/"},{"@type":"ListItem","position":3,"name":"Pedro Estévez Fernández"}]},{"@type":"WebSite","@id":"https:\/\/inprotech.es\/#website","url":"https:\/\/inprotech.es\/","name":"InprOTech","description":"The Cybersecurity Solution for the Industrial Environment","potentialAction":[{"@type":"SearchAction","target":{"@type":"EntryPoint","urlTemplate":"https:\/\/inprotech.es\/?s={search_term_string}"},"query-input":{"@type":"PropertyValueSpecification","valueRequired":true,"valueName":"search_term_string"}}],"inLanguage":"en-US"}]}</script>
<!-- / Yoast SEO plugin. -->

Pedro Estévez Fernández - InprOTech

Pedro Estévez Fernández holds a degree in Business Administration and Management, as well as a Master&#8217;s in International Business from the University of Vigo and IESIDE. He currently holds a dual role as International Sales Director at Inprosec and Business Development Director at its spin-off, InprOTech. Over his 10-year career, he has worked in roles...
